 -25*o - 12. Let k(h) = 9*h - 21. Let m be k(o). What is the greatest common factor of 25 and m?
5
Let v be ((-8)/(-6))/((-2)/6). Let z be v/6*(113 + -1 + -4). Let u = z + 94. What is the highest common factor of u and 22?
22
Let d = 337 + -175. Let p = d - 110. What is the highest common factor of 182 and p?
26
Let w be 9*(7 + -1)*(7 + -5). What is the greatest common divisor of w and 16?
4
Let j = 62392 - 62365. Let t be 5/(272/270 + -1). What is the highest common divisor of j and t?
27
Let h(p) = -644*p + 5809. Let r be h(9). What is the greatest common divisor of 1651 and r?
13
Suppose a = 3*l - 6269, l + 4*a - 196 = 1872. Calculate the highest common divisor of l and 96.
24
Let j(y) be the second derivative of -2*y**3/3 + 40*y**2 + 21*y + 3. Let z be j(14). Calculate the highest common divisor of z and 888.
24
Let s(x) = 326*x - 631. Let m be s(2). Calculate the greatest common factor of m and 7.
7
Suppose 68 = -0*x + 17*x. Suppose x*t + 4*b - 2448 - 260 = 0, 2*b = -3*t + 2034. What is the greatest common divisor of 85 and t?
85
Suppose -4*c + 90 = -6. Suppose -16749 - 12423 = -187*x. What is the highest common divisor of x and c?
12
Let o be 2/(-12) + 13150/60. Suppose -2*m = 3*q - o - 396, 4*m + 3*q = 1239. What is the highest common factor of 96 and m?
24
Let r(g) = 4*g**3 - 476*g**2 + 2*g + 140. Let b be r(119). Calculate the greatest common divisor of 406 and b.
14
Suppose 3*z = a - 944, 3*a + 34*z = 36*z + 2832. Calculate the greatest common divisor of 112 and a.
16
Let d = 90 - 306. Let l = d + 284. What is the greatest common divisor of 102 and l?
34
Let c = -1306 - -2003. Suppose 3*u = -4*w + 143, 3*w = -w + 20. Calculate the highest common factor of c and u.
41
Suppose 0 = 5*l - 90 - 55. Let p be l - ((9 - -1) + -3). What is the greatest common factor of p and 176?
22
Let h = -10 - -23. Suppose 0 = 17*j - 22*j + 70. Let g(c) = -c**3 + 15*c**2 - 10*c - 4. Let r be g(j). What is the greatest common factor of r and h?
13
Let b(i) = -592*i + 288. Let n be b(-1). What is the greatest common factor of n and 30?
10
Let r(g) = -g**3 + 13*g**2 + 3*g - 11. Let z be r(9). Let q = -310 + z. Suppose -3*l = -4*l + 10. What is the highest common divisor of l and q?
10
Let c = 11452 - 11446. What is the greatest common factor of c and 141?
3
Suppose 0 = 5*q - 10, -q + 312 = -4*a + 366. Let f = -51 + 86. Calculate the greatest common divisor of a and f.
7
Let f = -82 - -98. Calculate the greatest common divisor of 1296 and f.
16
Suppose 173*u - 226*u + 3233 = 0. Calculate the greatest common divisor of u and 4209.
61
Let f(l) = -l**2 - 8*l - 4. Let d = -34 + 42. Suppose d*v + 63 = -v. Let p be f(v). Calculate the highest common divisor of p and 27.
3
Suppose 5*w = -z + 225, 22*w - 801 = -3*z + 25*w. What is the greatest common divisor of z and 468?
52
Let g(t) = 3*t**3 - 4*t - 4. Let r(z) = 16*z**3 - 19*z - 20. Let y(x) = 11*g(x) - 2*r(x). Let l be y(4). Calculate the highest common factor of l and 18.
18
Let t(b) = 6*b. Let f be t(-9). Suppose -2*l = -5*u - 45 - 50, 0 = 3*l + 15. Let i = u - f. Calculate the greatest common factor of 44 and i.
11
Let s be 286/(1/(39/6)). Suppose 0 = -2*y + 4*x - 16, 2*x + 12 = y + 5*x. Suppose 3*g + 0 = 9, 4*c + g - s = y. What is the highest common divisor of 58 and c?
58
Suppose -14*h = -10*h + 8, 3*h = -4*r + 606. What is the highest common factor of 324 and r?
9
Suppose 44*g - 2385 = -9*g. What is the greatest common factor of 1020 and g?
15
Suppose 26*n = 4*v + 28*n + 1228, 4*v + 1236 = 2*n. Let l = v - -396. Calculate the greatest common factor of l and 11.
11
Suppose -14*r + 92 = 8. Let a = -41 + 29. Let n = a - -13. Calculate the highest common divisor of n and r.
1
Suppose 4*m + 7*m = 2354. Suppose m = f - j, -3*j + 844 = 4*f - 4*j. Calculate the highest common factor of f and 168.
42
Suppose 5*v + 208 = 9*v. Suppose 49*i = v*i, 30 = 5*u - 2*i. Calculate the greatest common divisor of u and 426.
6
Let b(n) = 5*n - 2. Let r be b(1). Suppose 2100 = 12*c + 13*c. Suppose -18 = -r*w + c. Calculate the highest common factor of 17 and w.
17
Let j be ((-3)/6)/(1/18). Let z be ((-42)/7)/(2/j). Let y be 6/8 - (-7)/4*15. Calculate the greatest common factor of y and z.
27
Suppose -39*c + 26 = -40*c - 5*y, 65 = 2*c - 3*y. Let g be (-6 + 2)*38*-2. What is the highest common factor of c and g?
19
Let j be (-2495)/11 - -12*(-4)/264. Let w = j + 337. Suppose 0 = -5*a - 0*a - 25, 0 = 3*k - a - 35. Calculate the greatest common factor of w and k.
10
Let c = -96078 + 96107. Suppose 7*h - 3*h - 580 = 0. What is the greatest common factor of c and h?
29
Suppose -5*z + 7*w - 2*w = 1070, -5*z - 1058 = w. Let r = z + 221. Calculate the greatest common divisor of r and 27.
9
Let o be 2/13 - (-1264)/312*114. What is the highest common factor of 42 and o?
42
Suppose -4*h = 2*a + 2, 6*h + 16 = 2*h. Suppose -3*y - 3*z = -18, 3*y + 4*z - a*z = 0. Calculate the highest common factor of 42 and y.
3
Let r(z) = 2*z**3 - z**2 - 7*z - 3. Let n be r(4). Let k = n - 53. Suppose 18 = k*p - 25*p. What is the greatest common factor of 66 and p?
6
Let c(o) = o**3 + 19*o**2 + 3*o - 27. Let s be c(-12). Suppose 525 = 15*k - s. What is the highest common divisor of k and 70?
14
Let k = -3626 + 3841. What is the highest common factor of k and 20?
5
Suppose -14 = -z + 13. Suppose z + 8 = 5*g. Suppose 7 + g = 2*x. What is the greatest common factor of x and 7?
7
Suppose 3*t - 6 = -5*r, r + 20 = -5*t + 8. Suppose -5*x + r*l + 2*l + 220 = 0, 5*l = 0. What is the greatest common divisor of x and 484?
44
Let v = 326 - 159. Let q = -83 + v. Suppose f + 4*h - 14 = 2*h, 0 = -5*f + 4*h + q. What is the greatest common divisor of 32 and f?
16
Suppose -44*w + 4505 + 13535 = 0. Suppose 124 - w = -22*n. Calculate the highest common factor of 26 and n.
13
Suppose -4*b - 4*x = -3028, 3*x = -71*b + 72*b - 781. What is the greatest common factor of b and 77?
7
Let b(k) = -7 + 134*k + 33*k + 93*k. Let w be b(1). What is the highest common factor of 11 and w?
11
Let y be -1 + 4*9/72*46. What is the greatest common divisor of 2 and y?
2
Let t be 55 + 1 + 0/2. Suppose 0 = 748*c + 36*c - 120736. Calculate the greatest common factor of t and c.
14
Let n = 6 + -1. Let q(x) = 4*x**2 - x + 7. Let s be q(n). Suppose 11*p + 172 = 16*p - 2*c, -c - 1 = 0. What is the highest common factor of p and s?
34
Let r = 54637 - 20581. Calculate the greatest common factor of 11 and r.
11
Let h be (117/(-2))/(7/(4 - 172)). What is the highest common factor of h and 208?
52
Let z = -5138 + 5235. Calculate the highest common factor of 13 and z.
1
Let d be (129/(-6))/1*2. Let l(k) = -89*k - 1. Let h be l(-1). Let o = h + d. What is the highest common divisor of 30 and o?
15
Suppose 5*k + 4 = -16. Let z be (k/(-16)*4)/1. Let l be (3 - -1)*z*(6 - -1). What is the greatest common divisor of l and 4?
4
Let b(c) = 21*c**3 + 7*c**2 - 12*c + 6. Let j be b(1). What is the highest common divisor of 2266 and j?
22
Suppose 10185 + 1360 = 21*w - 6305. What is the highest common factor of w and 68?
34
Suppose -4*f + 5*h = 7, 5*h - 1 = 2*f + 10. Suppose -3 = -w - 3*n, -f*w + 3*n + 15 = -w. What is the highest common divisor of 9 and w?
9
Let n(d) = 2*d**2 + 58*d - 60. Let i be n(-30). Suppose i = -25*j - j + 6084. Let p = 64 + -46. Calculate the greatest common factor of p and j.
18
Let n(m) = -24*m**3 + m**2 - m. Let l be n(1). Let y = -23 - l. Suppose -q + y = 3*s - 10, q - 17 = 3*s. Calculate the greatest common divisor of 35 and q.
7
Suppose -18677 - 18313 = -9*j. What is the greatest common factor of 5 and j?
5
Suppose 7*a - 1246 = 2758. Suppose -70 + 15 = -d - 3*z, 3*d = 4*z + 152. What is the greatest common factor of a and d?
52
Let r(o) = 11*o + 8. Let y be r(4). Suppose -3*q = -7*q + y. Suppose -12*j + q + 95 = 0. What is the highest common factor of 9 and j?
9
Suppose 0 = 12*k + 17*k - k - 9856. What is the greatest common divisor of k and 592?
16
Let o(t) = t**3 - 12*t**2 - 14*t + 15. Suppose 5*n - 39 = 2*n. Let f be o(n). Suppose -f*v + 6*v = 32. What is the highest common divisor of v and 1?
1
Let z = 67 - 43. Suppose -4*g + z = -156. Let m = 53 + -38. Calculate the highest common divisor of g and m.
15
Let x(r) = 4*r**2 + 4*r - 40. Let p = 258 + -254. Let d be x(p). What is the greate